 2806240.
2, 5, 17539
List the prime factors of 3983117.
17, 23, 61, 167
List the prime factors of 3472277.
3472277
List the prime factors of 16526364.
2, 3, 61, 107, 211
List the prime factors of 3470303.
421, 8243
List the prime factors of 6229317.
3, 491, 4229
List the prime factors of 608252.
2, 152063
List the prime factors of 4154910.
2, 3, 5, 138497
What are the prime factors of 110833?
137, 809
List the prime factors of 2778234.
2, 3, 73, 6343
What are the prime factors of 11291984?
2, 11, 83, 773
What are the prime factors of 937493?
79, 11867
List the prime factors of 816199.
31, 113, 233
List the prime factors of 62365.
5, 12473
List the prime factors of 6784063.
11, 13, 47441
List the prime factors of 5806436.
2, 1451609
What are the prime factors of 748291?
41, 18251
List the prime factors of 71770.
2, 5, 7177
What are the prime factors of 904183?
7, 129169
List the prime factors of 6618442.
2, 3309221
What are the prime factors of 107624?
2, 11, 1223
What are the prime factors of 98136?
2, 3, 29, 47
List the prime factors of 2903480.
2, 5, 29, 2503
What are the prime factors of 6687544?
2, 19, 43997
What are the prime factors of 9832804?
2, 19, 129379
List the prime factors of 249006.
2, 3, 47, 883
List the prime factors of 6403.
19, 337
List the prime factors of 2852852.
2, 233, 3061
List the prime factors of 46075.
5, 19, 97
What are the prime factors of 220702?
2, 163, 677
List the prime factors of 922536.
2, 3, 4271
What are the prime factors of 634749?
3, 211583
What are the prime factors of 511678?
2, 255839
List the prime factors of 17403334.
2, 13, 669359
List the prime factors of 113407.
7, 17, 953
List the prime factors of 33924915.
3, 5, 521, 1447
List the prime factors of 350366.
2, 167, 1049
What are the prime factors of 1871509?
1871509
List the prime factors of 902118.
2, 3, 7, 47, 457
List the prime factors of 2477653.
941, 2633
What are the prime factors of 250414?
2, 125207
What are the prime factors of 4020637?
4020637
What are the prime factors of 6393?
3, 2131
List the prime factors of 4285860.
2, 3, 5, 61, 1171
List the prime factors of 223907.
17, 13171
List the prime factors of 10342164.
2, 3, 7, 123121
List the prime factors of 1280858.
2, 31, 73, 283
List the prime factors of 1661163.
3, 7, 79103
List the prime factors of 3072588.
2, 3, 256049
List the prime factors of 715328.
2, 11177
What are the prime factors of 531496?
2, 7, 9491
What are the prime factors of 11950701?
3, 7, 569081
List the prime factors of 379382.
2, 189691
List the prime factors of 280965.
3, 5, 18731
List the prime factors of 8943190.
2, 5, 17, 31, 1697
What are the prime factors of 8474437?
19, 193, 2311
What are the prime factors of 829635?
3, 5, 19, 41, 71
List the prime factors of 395761.
23, 17207
What are the prime factors of 32009?
32009
What are the prime factors of 752629?
23, 43, 761
List the prime factors of 14165956.
2, 7, 505927
List the prime factors of 4472503.
7, 71, 8999
List the prime factors of 12415515.
3, 5, 7, 23, 53, 97
List the prime factors of 9406428.
2, 3, 783869
List the prime factors of 9748641.
3, 7, 103, 4507
What are the prime factors of 32765052?
2, 3, 17, 61, 2633
What are the prime factors of 3772973?
1297, 2909
List the prime factors of 475248.
2, 3, 9901
List the prime factors of 51154.
2, 25577
What are the prime factors of 3511706?
2, 11, 159623
What are the prime factors of 1668220?
2, 5, 239, 349
List the prime factors of 422896.
2, 26431
List the prime factors of 14946751.
1451, 10301
List the prime factors of 953688.
2, 3, 79, 503
What are the prime factors of 6217620?
2, 3, 5, 173, 599
List the prime factors of 2443163.
29, 84247
What are the prime factors of 599398?
2, 299699
What are the prime factors of 2334754?
2, 137, 8521
List the prime factors of 3024336.
2, 3, 7, 9001
What are the prime factors of 5719280?
2, 5, 7, 1459
List the prime factors of 1245703.
23, 41, 1321
What are the prime factors of 19998265?
5, 7, 47, 12157
What are the prime factors of 77565?
3, 5, 5171
List the prime factors of 219209.
223, 983
What are the prime factors of 13868071?
7, 1981153
What are the prime factors of 10962427?
7, 409, 547
What are the prime factors of 1822095?
3, 5, 11, 409
List the prime factors of 46270.
2, 5, 7, 661
List the prime factors of 66577.
7, 9511
What are the prime factors of 535800?
2, 3, 5, 19, 47
What are the prime factors of 1659551?
1659551
List the prime factors of 138613.
97, 1429
List the prime factors of 10256672.
2, 320521
What are the prime factors of 411089?
7, 58727
List the prime factors of 234435.
3, 5, 15629
What are the prime factors of 4428757?
197, 22481
What are the prime factors of 41363713?
47, 227, 3877
What are the prime factors of 5180567?
7, 199, 3719
List the prime factors of 122555.
5, 127, 193
What are the prime factors of 659184?
2, 3, 31, 443
What are the prime factors of 3822074?
2, 1911037
List the prime factors of 16577525.
5, 59, 11239
List the prime factors of 160908.
2, 3, 11, 23, 53
What are the prime factors of 1315662?
2, 3, 219277
What are the prime factors of 10893734?
2, 29, 187823
What are the prime factors of 1683628?
2, 19, 22153
What are the prime factors of 6401516?
2, 11, 73, 1993
What are the prime factors of 16508683?
17, 971099
List the prime factors of 26560.
2, 5, 83
List the prime factors of 482433.
3, 7, 22973
List the prime factors of 2998055.
5, 599611
List the prime factors of 31090.
2, 5, 3109
What are the prime factors of 225929?
11, 19, 23, 47
List the prime factors of 852165.
3, 5, 29, 653
What are the prime factors of 168959?
7, 24137
What are the prime factors of 1468528?
2, 17, 5399
List the prime factors of 1002975.
3, 5, 43, 311
What are the prime factors of 4223165?
5, 211, 4003
What are the prime factors of 270062?
2, 13, 17, 47
List the prime factors of 127950.
2, 3, 5, 853
List the prime factors of 138308.
2, 71, 487
List the prime factors of 817350.
2, 3, 5, 5449
What are the prime factors of 12932122?
2, 7, 19, 61, 797
What are the prime factors of 3720987?
3, 413443
List the prime factors of 2900561.
223, 13007
What are the prime factors of 674332?
2, 263, 641
What are the prime factors of 1005290?
2, 5, 11, 13, 19, 37
List the prime factors of 23436617.
23436617
What are the prime factors of 261171?
3, 17, 569
List the prime factors of 33743254.
2, 23, 827, 887
List the prime factors of 470970.
2, 3, 5, 5233
List the prime factors of 309081.
3, 269, 383
List the prime factors of 405267.
3, 135089
List the prime factors of 5704975.
5, 228199
What are the prime factors of 402495?
3, 5, 26833
List the prime factors of 2859331.
2859331
List the prime factors of 14125.
5, 113
What are the prime factors of 3151554?
2, 3, 7, 75037
List the prime factors of 296518.
2, 37, 4007
List the prime factors of 10178799.
3, 3392933
List the prime factors of 35964677.
7, 733973
What are the prime factors of 197231?
127, 1553
What are the prime factors of 504430?
2, 5, 73, 691
List the prime factors of 20195913.
3, 199, 33829
List the prime factors of 19663288.
2, 17, 144583
What are the prime factors of 406061?
239, 1699
What are the prime factors of 15897102?
2, 3, 13, 203809
What are the prime factors of 812591?
13, 62507
What are the prime factors of 103426?
2, 51713
What are the prime factors of 515220?
2, 3, 5, 31, 277
What are the prime factors of 104952?
2, 3, 4373
List the prime factors of 1314730.
2, 5, 73, 1801
List the prime factors of 2158748.
2, 539687
What are the prime factors of 631594?
2, 31, 61, 167
List the prime factors of 1722717.
3, 191413
What are the prime factors of 6287299?
37, 251, 677
What are the prime factors of 43650?
2, 3, 5, 97
What are the prime factors of 13231?
101, 131
List the prime factors of 1167154.
2, 583577
List the prime factors of 558193.
227, 2459
What are the prime factors of 197716?
2, 49429
List the prime factors of 9054468.
2, 3, 251513
What are the prime factors of 358332?
2, 3, 13, 2297
List the prime factors of 305731.
37, 8263
List the prime factors of 1310307.
3, 29, 15061
List the prime factors of 7379018.
2, 823, 4483
List the prime factors of 378418.
2, 431, 439
What are the prime factors of 14411581?
97, 148573
List the prime factors of 1828111.
239, 7649
W